{"id":235,"date":"2025-10-28T13:43:01","date_gmt":"2025-10-28T13:43:01","guid":{"rendered":"https:\/\/kutuphanecozumleri.com\/?page_id=235"},"modified":"2025-10-28T14:47:59","modified_gmt":"2025-10-28T14:47:59","slug":"personel-is-istasyonlari","status":"publish","type":"page","link":"https:\/\/kutuphanecozumleri.com\/index.php\/personel-is-istasyonlari\/","title":{"rendered":"Personel \u0130\u015f \u0130stasyonlar\u0131"},"content":{"rendered":"","protected":false},"excerpt":{"rendered":"","protected":false},"author":1,"featured_media":-3,"parent":0,"menu_order":0,"comment_status":"closed","ping_status":"closed","template":"","meta":{"footnotes":""},"class_list":["post-235","page","type-page","status-publish","has-post-thumbnail","hentry"],"_links":{"self":[{"href":"https:\/\/kutuphanecozumleri.com\/index.php\/wp-json\/wp\/v2\/pages\/235","targetHints":{"allow":["GET"]}}],"collection":[{"href":"https:\/\/kutuphanecozumleri.com\/index.php\/wp-json\/wp\/v2\/pages"}],"about":[{"href":"https:\/\/kutuphanecozumleri.com\/index.php\/wp-json\/wp\/v2\/types\/page"}],"author":[{"embeddable":true,"href":"https:\/\/kutuphanecozumleri.com\/index.php\/wp-json\/wp\/v2\/users\/1"}],"replies":[{"embeddable":true,"href":"https:\/\/kutuphanecozumleri.com\/index.php\/wp-json\/wp\/v2\/comments?post=235"}],"version-history":[{"count":1,"href":"https:\/\/kutuphanecozumleri.com\/index.php\/wp-json\/wp\/v2\/pages\/235\/revisions"}],"predecessor-version":[{"id":236,"href":"https:\/\/kutuphanecozumleri.com\/index.php\/wp-json\/wp\/v2\/pages\/235\/revisions\/236"}],"wp:featuredmedia":[{"embeddable":true,"href":"https:\/\/kutuphanecozumleri.com\/index.php\/wp-json\/"}],"wp:attachment":[{"href":"https:\/\/kutuphanecozumleri.com\/index.php\/wp-json\/wp\/v2\/media?parent=235"}],"curies":[{"name":"wp","href":"https:\/\/api.w.org\/{rel}","templated":true}]}}